 320 = -4*o. Calculate the highest common factor of v and 6.
6
Let q(m) = -3*m**2 + 2*m + 3. Let a be q(4). Let h = 53 - a. Suppose -5*b = 30 - h. What is the highest common divisor of b and 24?
12
Let s = -8 + 10. Suppose -n + 5*k = 25, k = -n - s*k + 15. Suppose f - 2 - 16 = n. Calculate the greatest common divisor of f and 9.
9
Let w be (39/5)/((-19)/(-95)). What is the highest common divisor of w and 429?
39
Let l = -4 + 8. Suppose -l*r + 8*r = 64. Suppose 20 = 6*h - h. What is the highest common divisor of h and r?
4
Suppose -5*p - 1979 + 5894 = 0. Let u be p/63 + 6/(-14). Calculate the highest common divisor of 8 and u.
4
Suppose -2*g + 3*g = -4*z + 2, 3*g + 4*z = 22. Let s(y) = 17*y + 8. Let u be s(6). What is the greatest common factor of u and g?
10
Let u = 0 + -1. Suppose 0 = -3*t + 20 + 16. Let n = t - u. Calculate the greatest common factor of n and 39.
13
Suppose 13 = l - 0*l. Suppose 0 = 2*r - l + 59. Let s = -14 - r. Calculate the greatest common divisor of s and 81.
9
Let i(q) = q**3 + 8*q**2 - 6*q - 12. Let t = -10 - -2. Let u be i(t). Calculate the highest common divisor of u and 4.
4
Let g be (-3)/(((-3)/(-1))/(-9)). Calculate the greatest common divisor of 81 and g.
9
Let n be (6/5)/(6/(-90)). Let b be (-1269)/n + 6/4. What is the greatest common divisor of b and 9?
9
Let i be -3 - (2/(-2) + -15). Calculate the greatest common factor of i and 91.
13
Let i = 20 - 10. What is the greatest common factor of i and 20?
10
Suppose 3*t + 15 = -108. Let f = 69 - t. Calculate the highest common divisor of 10 and f.
10
Let m(s) = -s**2 - 10*s + 20. Let l be m(-9). Calculate the highest common factor of l and 261.
29
Let c be 381/(-2)*(13 - 15). Let p = 589 - c. What is the highest common factor of 26 and p?
26
Let g = -37 + 59. What is the highest common factor of g and 154?
22
Let j be 6/3 + (-5)/(-1). Let m = 10 + j. Calculate the greatest common divisor of 153 and m.
17
Let h(y) = -6*y**2 - 4*y - 3. Let u be h(-3). Let q = 75 + u. What is the highest common factor of q and 20?
10
Let k be 2 - (-104)/(-4 - 0). Let i = -9 - k. What is the greatest common factor of i and 6?
3
Let o(x) = x**3 - 5*x**2 - 6*x + 2. Let c be o(6). Let p be c + (-3 - -1*12). Calculate the highest common divisor of p and 11.
11
Let t = -3 - -11. Let g be (11 - 1 - 1)*(-12)/(-9). Calculate the highest common factor of t and g.
4
Suppose -4*q - 2*l - 3 - 3 = 0, -q = l. Let v be 13 + q/9*-3. Let c be ((-8)/(-2))/(2/v). Calculate the greatest common factor of c and 14.
14
Let f be (-696)/(-36) + (-4)/(-6). Let x be ((-8)/f)/(3/(-150)). Calculate the greatest common factor of x and 20.
20
Let h(g) = -g**3 - 8*g**2 - 10*g + 1. Let c be h(-7). Suppose -2*x = -68 - c. Calculate the greatest common factor of x and 5.
5
Let p = -4 - -7. Suppose n - 47 = -n + p*d, -2*n = 2*d - 22. What is the greatest common factor of 80 and n?
16
Suppose 5*o - b - 360 = -0*b, 5*o + 2*b - 375 = 0. Suppose 0 = 6*x - o - 311. What is the highest common factor of x and 16?
16
Suppose -2*b = 2*b - 28. Suppose a + 2*a = 3*v + 3, -2*a + 5*v - b = 0. Calculate the greatest common divisor of a and 10.
2
Suppose 0 = -4*h + 398 - 14. What is the greatest common divisor of 32 and h?
32
Let s be 3/((-3)/9 - 0). Let u = s - -19. Let z = 8 + u. What is the highest common divisor of 12 and z?
6
Let q(r) = r**2 + 4*r + 1. Let z be q(-4). Suppose l - 1 = 10. Calculate the highest common factor of z and l.
1
Suppose 0*q + 5*q + 217 = k, -3*q - 783 = -4*k. Calculate the highest common factor of k and 24.
24
Let g(o) = 2*o**2 - 8*o - 1. Suppose 9 = 5*n - 21. Let i be g(n). Calculate the greatest common divisor of 23 and i.
23
Let u(m) = -2*m - 4. Let l be u(-3). Suppose 0*j = l*j. Suppose r + 2*r - 96 = j. Calculate the highest common divisor of 8 and r.
8
Suppose -4*g = 12, j - 5*g - 101 = -j. Let m = -3 + j. Let z = 19 - 9. What is the greatest common factor of z and m?
10
Let l be (1 + (1 - -1))*1. Suppose l = 4*b - 29. Suppose -5*j - 3 + 8 = 0. Calculate the greatest common factor of j and b.
1
Let w be (2 + (2 - 13/2))*-26. Calculate the highest common divisor of 39 and w.
13
Suppose 4*y + 25 + 10 = 3*s, 55 = 3*s + y. Let p be 0 + s + 2 - 0. Calculate the highest common factor of p and 76.
19
Suppose 0 = 4*n - 0*n + 12. Let d(k) = 3*k**2 + 3*k + 6. Let c be d(n). What is the greatest common divisor of 192 and c?
24
Let s(z) = 5*z - 10. Let n be s(6). Suppose 0*y - y = -n. What is the greatest common factor of y and 5?
5
Let n(c) = -2*c + c - 6 - 1 - 9. Let r be n(0). Let v = r + 23. What is the greatest common divisor of v and 14?
7
Suppose 3*j = 15 - 0. Suppose 4*i = 4, -i - 3 = -j*y + 11. What is the greatest common factor of 1 and y?
1
Suppose 4*s - 30 - 66 = 0. Suppose 4*i - 61 + 13 = 0. What is the highest common divisor of s and i?
12
Let f be (332/20 - 6) + (-2)/(-5). Calculate the greatest common factor of f and 11.
11
Let i = -3 - -2. Let l be 6 - (i + (-4)/(-2)). What is the highest common factor of l and 15?
5
Let m = 5 + -1. Let c(p) = p**3 + 6*p**2 - 8. Let t be c(-6). Let j be (-10)/t - (-1)/(-4). Calculate the greatest common divisor of j and m.
1
Suppose d - 23 = 4*h, 4*h = d - 5*d + 72. Calculate the highest common divisor of d and 133.
19
Suppose 0 = -2*y - 10, -5*y + 2*y + 33 = 2*q. What is the highest common divisor of 8 and q?
8
Let p be (-4)/26 + (-1434)/(-26) + 2. Calculate the highest common factor of p and 152.
19
Suppose -3*j + 168 = j. Suppose 5*d - 12 = 8, 2*m - 5*d = 36. Calculate the highest common divisor of m and j.
14
Let c(t) = 8*t. Let m be c(1). Let o be (-83)/(-9) - m/36. Calculate the greatest common divisor of o and 6.
3
Let b(o) = 9*o**2 - 5*o + 2. Let y be -2 + (4 - 1) - -3. Suppose -9 = -7*r + y*r. Let q be b(r). Calculate the highest common factor of q and 17.
17
Let i = -1 + -16. Let n = 31 + i. What is the highest common factor of n and 7?
7
Let l be (-4 - -2)*2/(-1). Suppose -111 = -5*p - 4*f - 1481, -5*f + 1096 = -l*p. Let y = 450 + p. What is the highest common divisor of y and 22?
22
Let o = 31 + -19. Let p(h) = -h**3 - 4*h**2 + 4*h - 7. Let f be p(-6). Suppose 4*l + 9 - f = 0. Calculate the highest common divisor of l and o.
4
Suppose -7*r + 2*r = 2*o - 15, 4*r = 3*o + 12. Suppose 1 = -r*y + 4. Calculate the highest common factor of 2 and y.
1
Suppose 0*h - 2*x + 28 = 4*h, 2*h = x + 22. What is the greatest common factor of 99 and h?
9
Let t be (-6)/(0 - 4/28). Suppose -5*s = -3*s + 2*g - t, 5*s + 3*g = 99. Calculate the highest common divisor of s and 126.
18
Suppose 0*r + 5 = 3*c + 2*r, 2*r = -c - 1. Suppose -2*p + 15 = -c*k, 3*p + 4*k = 9*k + 22. Calculate the highest common factor of 36 and p.
9
Let o = -81 + 45. Let z = -18 - o. What is the greatest common factor of z and 2?
2
Let u be 2/(((-18)/141)/(-3)). Suppose -3*g - 2*g = -205. Suppose 9 = -r - 2*y + u, g = 2*r - 3*y. Calculate the greatest common factor of 4 and r.
4
Let g(y) = 4*y - 4. Let u be g(3). Let n(f) = f**2 - f. Let d be n(-3). Calculate the greatest common factor of u and d.
4
Suppose -10*r = -6*r - 80. Suppose 4*m = -f - f + r, -44 = -4*m + 4*f. Calculate the greatest common factor of 21 and m.
7
Suppose 4*f - 18 = -3*i, 5*i = i - f + 11. Suppose i*g = 4*u - 4, 3*g = 7*g + u - 10. Calculate the greatest common divisor of 8 and g.
2
Let g = 13 - -1. Calculate the greatest common factor of 126 and g.
14
Suppose 2*h = -2*h + 5*v + 32, 8 = h - v. Calculate the greatest common divisor of 2 and h.
2
Suppose 46*u - 43*u - 114 = 0. Let g be (-40 - -2)/(-2 + 0). What is the highest common factor of u and g?
19
Let z = 56 - 7. What is the greatest common factor of z and 539?
49
Let y = 20 - 12. What is the greatest common factor of y and 32?
8
Suppose 5*s - 26 = 4*m, -3*m - 18 = m - s. Let q = m - -7. Let d be (-7 - -1)/(q/(-56)). Calculate the highest common divisor of 14 and d.
14
Suppose 0 = d + 3*d - 3*n - 53, -d + n = -14. What is the highest common factor of d and 1?
1
Let m(x) = x**2 - 25*x - 62. Let l be m(29). What is the greatest common divisor of 162 and l?
54
Suppose -4*m + 19 = -4*a + a, 2*m = 4*a + 32. Let k be (-2169)/(-81) - 2/a. What is the highest common divisor of 18 and k?
9
Suppose g + 3*h - 3 - 16 = 0, 5*h = -3*g + 45. Suppose 2*i - 2 - 4 = 0. Suppose y + 2 + 3